11 = 3*m. What are the prime factors of m/((-1)/(-1))*21?
3, 7
Suppose h + 39 = 4*h. Suppose h*v = 16*v - 81. Let q = v + -5. What are the prime factors of q?
2, 11
Let r(b) = b + 5. Let j(o) = o**2 + o - 9. Let p be j(0). Let n be r(p). List the prime factors of n/10 + (-708)/(-20).
5, 7
Let m(r) = -26*r + 2. Let j = 22 + -16. Let c = j - 7. List the prime factors of m(c).
2, 7
Suppose -20 + 3 = 2*t - 3*c, 4*c - 1 = t. Let a be ((-1)/5)/(4/(-820)). Let i = a + t. What are the prime factors of i?
2, 7
Suppose 5*h = 2*s - 4029, 4*h = 4*s - 8*s + 7988. What are the prime factors of s?
2, 7, 11, 13
What are the prime factors of -2 + (-5)/((-5)/433)?
431
Suppose -175 = 17*p - 22*p. Suppose 3*b = p + 4. What are the prime factors of b?
13
Let w(i) = i**3 + 8*i**2 + 8*i - 2. Suppose 5*l - 17 = b - 51, -3*b = -2*l - 24. What are the prime factors of w(l)?
2, 11
Let o(l) = 4*l**2 - 3*l**2 - 8 + 12 + 1. List the prime factors of o(6).
41
Let b(n) = -n**2 + 6*n. Let x be b(5). Suppose -g + 4*g - 26 = -x*z, 5*z = 5*g + 10. Let t(l) = l**3 + 2*l**2 - 1. What are the prime factors of t(g)?
3, 5
Suppose -6*z - 6*z + 4320 = 0. List the prime factors of z.
2, 3, 5
Let b = 186 + 394. List the prime factors of b.
2, 5, 29
Let i = -5 - 65. What are the prime factors of 2 + i/15*-9?
2, 11
Suppose 2*p + 4*v = -2*p + 32, -32 = -p + 5*v. Let s = -83 - -92. Suppose -s*i + p = -6*i. What are the prime factors of i?
2
Let p(w) = -4*w. Let c be p(-4). Let z(k) = 3*k**3 - 4*k**2 - 7*k + 17. Let n be z(3). Let h = n - c. What are the prime factors of h?
5
Let z = -47 + 165. Let h = 50 + z. List the prime factors of h.
2, 3, 7
Let t = -54 - -57. Suppose -x = -t*f - 60, -22 - 46 = -x + f. List the prime factors of x.
2, 3
Let c(r) = 2*r**2 - 8*r**3 + 6*r**3 + 4*r**3 + 1 + 3 - 8*r. What are the prime factors of c(3)?
2, 13
Let p(n) = n**3 - 4*n**2 - 9*n - 3. Let z be p(7). Suppose -3*m + z = -15. What are the prime factors of m?
2
Let r(k) = -6*k + 8. Let v(h) = -12*h + 16. Let n(w) = -5*r(w) + 2*v(w). Let y = 116 - 112. List the prime factors of n(y).
2
Suppose z = -7*z + 312. List the prime factors of z.
3, 13
Let a(i) = -i**2 - 35*i + 136. List the prime factors of a(-34).
2, 5, 17
Suppose 32*x - 747 = 24149. List the prime factors of x.
2, 389
List the prime factors of (-5)/((-270)/7494) - (-4)/18.
139
Suppose -10*c + 7376 = 6*c. Suppose 149 = p + 5*j, -3*p + j - 2*j = -c. List the prime factors of p.
2, 7, 11
Let x(g) = 47*g - 4. Let s be x(2). Let k = 35 + s. List the prime factors of k.
5
Let w = 16 + -22. Let a be 12/21 - 3432/77. What are the prime factors of a/3*w/4?
2, 11
Suppose -1 = 5*g - 3*o + 2*o, -2*g = 4*o - 4. Suppose g = -d - 0*d + 132. What are the prime factors of d?
2, 3, 11
Suppose w - 2*x = 2*x + 173, 664 = 4*w - 2*x. Suppose -7*o + 10*o - w = 0. List the prime factors of o.
5, 11
Suppose 44*u - 3681 = 41*u. List the prime factors of u.
3, 409
Suppose -4*j + 7*j - 6 = 0. Let b(a) = 30*a + 2*a**2 - 29*a - 1 - 2*a**2 - 2*a**2 + 5*a**3. What are the prime factors of b(j)?
3, 11
Suppose -4*p = -3*v - 1395, 4*p - 3*v - 1396 = v. List the prime factors of p.
2, 3, 29
Let f be (-24)/(-9)*-6 - -3. Let q = f - -21. List the prime factors of 0 + 2 + q + 0.
2, 5
Suppose 5819 = 12*m - 9661. List the prime factors of m.
2, 3, 5, 43
Let s be 7 + -7 - -1*9. Suppose -4*z - 27 = s. Let y(l) = -l**3 - 9*l**2 - 3*l + 10. What are the prime factors of y(z)?
37
Let p(q) = q - 3*q + 4*q + 11 - 3*q. Let x be p(6). Suppose 5*l + 2 = -d, 4*d = -l + x*l + 112. What are the prime factors of d?
23
Let v be ((-18)/(-21) - 0)*7. Let w be v*(2 - 9/3). What are the prime factors of w*7/(28/(-8))?
2, 3
Let r(k) = -4 + 10*k + 2*k + 2*k**2 - 2 + 7. What are the prime factors of r(-9)?
5, 11
Let c(p) = p**3 + 8*p**2 - 18*p + 24. Let a be c(-10). Suppose 0 = -4*m - 3*o + 249, a*m - 5*o - 92 = 197. List the prime factors of m.
2, 3, 11
Suppose -8*j = -11*j + 342. Let y = -29 + -31. Let a = j + y. List the prime factors of a.
2, 3
Suppose u + 56 = -7*u. Let f(l) = -l**2 - 9*l - 9. List the prime factors of f(u).
5
Suppose 0 = z - 2*k - 16 - 17, 3*k = 5*z - 200. Suppose -6*w - z = -7*w. What are the prime factors of w?
43
Suppose -2*c = -2*s - 8676, -3*c + 2*s = -6419 - 6595. List the prime factors of c.
2, 3, 241
Let o be 20/(-30)*15/(-2). Suppose o*d = 3*d + 120. What are the prime factors of d?
2, 3, 5
Let j(f) = f + 10. Let o be j(-13). Let p(k) = -k - 9. Let m(r) = r + 10. Let a(d) = o*m(d) - 4*p(d). What are the prime factors of a(2)?
2
Suppose -35*f = -39*f + 432. Let d = 53 + f. What are the prime factors of d?
7, 23
What are the prime factors of -7*-18*((-75)/(-70) - 1)?
3
Suppose 0 = -5*g + 3*g - 350. Let i = g + 272. List the prime factors of i.
97
Let m(n) = 174*n - 300. List the prime factors of m(9).
2, 3, 211
Let y = 115 - 62. Let g = 75 - y. List the prime factors of g.
2, 11
Let y(p) = -780*p - 22. Let l be y(-4). What are the prime factors of l/26 + (-2)/(-39)*-3?
7, 17
Let a = -22 - -25. Suppose 0 = -2*r, 0 = -a*z - 2*z - 3*r + 10. Suppose -4*u - 26 + 104 = -z*s, -4*s + 64 = 2*u. List the prime factors of u.
2, 11
What are the prime factors of (-92460)/(-100) + (-2)/(-5)?
5, 37
Let d = -9 - 0. Let w = d + 23. Let n(g) = 3*g - 21. List the prime factors of n(w).
3, 7
Let s = -2246 - -3239. What are the prime factors of s?
3, 331
Let u be (-18 - -2) + 8/2. Let v = u + 32. List the prime factors of v.
2, 5
Let o(i) = -79*i + 44. List the prime factors of o(-5).
439
Let i = -15 + 27. Let w(y) = -y**2 + 12*y + 4. What are the prime factors of w(i)?
2
What are the prime factors of 3/(-2)*304/(-12)?
2, 19
What are the prime factors of -331*7/((-77)/33)?
3, 331
Let a = -9 + 9. Let x(n) = 0*n + a*n + n + 26*n**2. What are the prime factors of x(-1)?
5
Suppose -4*b + 556 = -224. Suppose r + 2*r = b. List the prime factors of r.
5, 13
Let x = 149 + -47. Suppose -o = -3*c + x, -c = 2*c - 2*o - 102. What are the prime factors of c?
2, 17
Suppose q - 9 = -3. Suppose -m = -6 - q. List the prime factors of 7 + 5/(20/m).
2, 5
Suppose 3*r + 1 = -5, 0 = 2*v - 5*r - 30. Let m(w) = -w**3 + 12*w**2 - 2*w + 8. What are the prime factors of m(v)?
2, 47
Let g(c) = c**3 - 5*c**2 + 9*c + 8. Let k = -138 + 145. What are the prime factors of g(k)?
13
Let i = 45 - 15. Let u be -3 - 12/(-3)*-4. Let d = u + i. What are the prime factors of d?
11
Let u be (-11 - -13) + (0 + -411)*-1. Let v = u + -286. List the prime factors of v.
127
Suppose -18*n + 16275 = 3*n. List the prime factors of n.
5, 31
Suppose 5*s + 4 = -5*u + 4*u, 2*u = -5*s - 8. Suppose -5*i - 11*p + 14*p = -476, s = -i - p + 92. List the prime factors of i.
2, 47
Let v be (-38)/(-10) - (-8)/40. Suppose -5*t + 44 = v*g, -g + 6*g = 5. What are the prime factors of t?
2
Suppose -2*a - 3*p + 1464 = a, 4*a = 2*p + 1976. What are the prime factors of a?
2, 3, 41
Let t = -510 + 1174. What are the prime factors of t?
2, 83
Let r(v) = v**2 - 13*v - 83. Let j(f) = 4*f + 30. Let o be j(-10). What are the prime factors of r(o)?
3, 7
Suppose -3*n + 3*l + 48 = 0, -l = -3*n + 67 - 25. Suppose n*f = 14*f - 23. What are the prime factors of f?
23
Suppose -6699 + 1596 = -9*h. What are the prime factors of h?
3, 7
Let x(v) = 16*v**3 - 2*v - 1. Let q be x(-1). Let o be q/(3 - 45/12). Suppose 0 = -i + 51 - o. What are the prime factors of i?
31
Suppose -12*h + 182 = -10. What are the prime factors of h?
2
Let v(u) be the first derivative of 3*u**2 - 33*u + 14. What are the prime factors of v(8)?
3, 5
What are the prime factors of 14*29/3*54/36?
7, 29
Let u be 296 + (0/2)/(5 - 7). Suppose -u - 703 = -9*w. What are the prime factors of w?
3, 37
Let r be -15 + 13 + 2326/(-1). What are the prime factors of (8/(-5))/(5 + r/465)?
2, 31
Let g(b) = -b**3 - 4*b**2 + 3*b + 10. Let x(v) = v**2 + 2*v - 10. Let l be x(-6). Let w = -19 + l. What are the prime factors of g(w)?
2, 5
Let w(o) = -o**2 - 3*o + 12. Suppose -3*f + 0 = n + 15, -f - 5 = 4*n. Let r be w(f). What are the prime factors of (184/(-6))/(r/(-3))?
2, 23
Suppose -3*g - 32 = 124. Let z = 17 - 24. Let r = z - g. What are the prime factors of r?
3, 5
Suppose 0 = 4*r + 3*b + 21, 6 = -b + 3. Let p(l) = 10*l**2 - 4. What are the prime factors of p(r)?
2, 43
Let u be 3296/22 + (-8)/(-44). Suppose 2*n = -k + 130